{"id":752,"date":"2021-07-06T14:32:46","date_gmt":"2021-07-06T14:32:46","guid":{"rendered":"https:\/\/hoteleledenpr.com\/?page_id=752"},"modified":"2024-08-07T20:47:56","modified_gmt":"2024-08-07T20:47:56","slug":"la-familia","status":"publish","type":"page","link":"https:\/\/hoteleledenpr.com\/en\/la-familia\/","title":{"rendered":"The Family"},"content":{"rendered":"<div data-elementor-type=\"wp-page\" data-elementor-id=\"752\" class=\"elementor elementor-752\">\n\t\t\t\t<div class=\"elementor-element elementor-element-2bc3229 e-con-full e-flex e-con e-parent\" data-id=\"2bc3229\" data-element_type=\"container\" data-settings=\"{&quot;background_background&quot;:&quot;classic&quot;}\">\n\t\t<div class=\"elementor-element elementor-element-ab4c5a2 e-flex e-con-boxed e-con e-child\" data-id=\"ab4c5a2\" data-element_type=\"container\">\n\t\t\t\t\t<div class=\"e-con-inner\">\n\t\t\t\t<div class=\"elementor-element elementor-element-bd9cdcb elementor-widget elementor-widget-spacer\" data-id=\"bd9cdcb\" data-element_type=\"widget\" data-widget_type=\"spacer.default\">\n\t\t\t\t<div class=\"elementor-widget-container\">\n\t\t\t\t\t\t\t<div class=\"elementor-spacer\">\n\t\t\t<div class=\"elementor-spacer-inner\"><\/div>\n\t\t<\/div>\n\t\t\t\t\t\t<\/div>\n\t\t\t\t<\/div>\n\t\t\t\t<div class=\"elementor-element elementor-element-8ae10c8 elementor-widget elementor-widget-heading\" data-id=\"8ae10c8\" data-element_type=\"widget\" data-widget_type=\"heading.default\">\n\t\t\t\t<div class=\"elementor-widget-container\">\n\t\t\t\t\t<h2 class=\"elementor-heading-title elementor-size-default\">The Family<\/h2>\t\t\t\t<\/div>\n\t\t\t\t<\/div>\n\t\t\t\t\t<\/div>\n\t\t\t\t<\/div>\n\t\t\t\t<\/div>\n\t\t<div class=\"elementor-element elementor-element-542dad3 e-flex e-con-boxed e-con e-parent\" data-id=\"542dad3\" data-element_type=\"container\">\n\t\t\t\t\t<div class=\"e-con-inner\">\n\t\t\t\t<div class=\"elementor-element elementor-element-55e7882 elementor-widget elementor-widget-spacer\" data-id=\"55e7882\" data-element_type=\"widget\" data-widget_type=\"spacer.default\">\n\t\t\t\t<div class=\"elementor-widget-container\">\n\t\t\t\t\t\t\t<div class=\"elementor-spacer\">\n\t\t\t<div class=\"elementor-spacer-inner\"><\/div>\n\t\t<\/div>\n\t\t\t\t\t\t<\/div>\n\t\t\t\t<\/div>\n\t\t\t\t\t<\/div>\n\t\t\t\t<\/div>\n\t\t<div class=\"elementor-element elementor-element-273f734 e-con-full e-flex e-con e-parent\" data-id=\"273f734\" data-element_type=\"container\">\n\t\t<div class=\"elementor-element elementor-element-409ae2c e-con-full e-flex e-con e-child\" data-id=\"409ae2c\" data-element_type=\"container\">\n\t\t\t\t<div class=\"elementor-element elementor-element-646fee0 elementor-widget elementor-widget-image\" data-id=\"646fee0\" data-element_type=\"widget\" data-widget_type=\"image.default\">\n\t\t\t\t<div class=\"elementor-widget-container\">\n\t\t\t\t\t\t\t\t\t\t\t\t\t\t\t<img fetchpriority=\"high\" decoding=\"async\" width=\"750\" height=\"500\" src=\"https:\/\/hoteleledenpr.com\/wp-content\/uploads\/2022\/03\/El-Eden-24-of-50-1024x683.jpg\" class=\"attachment-large size-large wp-image-1775\" alt=\"\" srcset=\"https:\/\/hoteleledenpr.com\/wp-content\/uploads\/2022\/03\/El-Eden-24-of-50-1024x683.jpg 1024w, https:\/\/hoteleledenpr.com\/wp-content\/uploads\/2022\/03\/El-Eden-24-of-50-300x200.jpg 300w, https:\/\/hoteleledenpr.com\/wp-content\/uploads\/2022\/03\/El-Eden-24-of-50-768x512.jpg 768w, https:\/\/hoteleledenpr.com\/wp-content\/uploads\/2022\/03\/El-Eden-24-of-50-1536x1024.jpg 1536w, https:\/\/hoteleledenpr.com\/wp-content\/uploads\/2022\/03\/El-Eden-24-of-50-2048x1365.jpg 2048w, https:\/\/hoteleledenpr.com\/wp-content\/uploads\/2022\/03\/El-Eden-24-of-50-18x12.jpg 18w, https:\/\/hoteleledenpr.com\/wp-content\/uploads\/2022\/03\/El-Eden-24-of-50-1568x1045.jpg 1568w\" sizes=\"(max-width: 750px) 100vw, 750px\" \/>\t\t\t\t\t\t\t\t\t\t\t\t\t\t\t<\/div>\n\t\t\t\t<\/div>\n\t\t\t\t<\/div>\n\t\t<div class=\"elementor-element elementor-element-b422812 e-con-full e-flex e-con e-child\" data-id=\"b422812\" data-element_type=\"container\">\n\t\t\t\t<div class=\"elementor-element elementor-element-04ec4fa elementor-widget elementor-widget-text-editor\" data-id=\"04ec4fa\" data-element_type=\"widget\" data-widget_type=\"text-editor.default\">\n\t\t\t\t<div class=\"elementor-widget-container\">\n\t\t\t\t\t\t\t\t\t<p style=\"font-weight: 400;\">Hosteler\u00eda LA FAMILIA started operations in the Southern zone of Puerto Rico in 2014 with the acquisition of Motel El Ed\u00e9n in Juana D\u00edaz and following after with the motels Nuevo Mejico in Ponce and Las Vegas in Santa Isabel.<\/p>\n<br>\n<p style=\"font-weight: 400;\">Visit us and enjoy a unique experience with a relaxed environment and excellent service.<\/p>\t\t\t\t\t\t\t\t<\/div>\n\t\t\t\t<\/div>\n\t\t\t\t<\/div>\n\t\t\t\t<\/div>\n\t\t<div class=\"elementor-element elementor-element-d98440d e-con-full e-flex e-con e-parent\" data-id=\"d98440d\" data-element_type=\"container\" data-settings=\"{&quot;background_background&quot;:&quot;gradient&quot;}\">\n\t\t\t\t<div class=\"elementor-element elementor-element-fbd4bd7 elementor-widget elementor-widget-heading\" data-id=\"fbd4bd7\" data-element_type=\"widget\" data-widget_type=\"heading.default\">\n\t\t\t\t<div class=\"elementor-widget-container\">\n\t\t\t\t\t<h2 class=\"elementor-heading-title elementor-size-default\">Customer Service<\/h2>\t\t\t\t<\/div>\n\t\t\t\t<\/div>\n\t\t\t\t<div class=\"elementor-element elementor-element-80a6e5e elementor-widget elementor-widget-text-editor\" data-id=\"80a6e5e\" data-element_type=\"widget\" data-widget_type=\"text-editor.default\">\n\t\t\t\t<div class=\"elementor-widget-container\">\n\t\t\t\t\t\t\t\t\t<p>Available from 7am-11pm (Monday-Sunday)<\/p>\t\t\t\t\t\t\t\t<\/div>\n\t\t\t\t<\/div>\n\t\t\t\t<div class=\"elementor-element elementor-element-3477c49 elementor-widget elementor-widget-text-editor\" data-id=\"3477c49\" data-element_type=\"widget\" data-widget_type=\"text-editor.default\">\n\t\t\t\t<div class=\"elementor-widget-container\">\n\t\t\t\t\t\t\t\t\t<p>1 (888) 279-9593<\/p>\t\t\t\t\t\t\t\t<\/div>\n\t\t\t\t<\/div>\n\t\t\t\t<\/div>\n\t\t\t\t<\/div>","protected":false},"excerpt":{"rendered":"<p>La Familia Hosteler\u00eda LA FAMILIA comenz\u00f3 operaciones en la zona sur de Puerto Rico en el a\u00f1o 2014, con la adquisici\u00f3n del Motel El Ed\u00e9n en Juana D\u00edaz y subsiguientemente<a class=\"more-link\" href=\"https:\/\/hoteleledenpr.com\/en\/la-familia\/\">Continue reading <span class=\"screen-reader-text\">\u00abLa Familia\u00bb<\/span><\/a><\/p>","protected":false},"author":2,"featured_media":0,"parent":0,"menu_order":0,"comment_status":"closed","ping_status":"closed","template":"elementor_header_footer","meta":{"_monsterinsights_skip_tracking":false,"_monsterinsights_sitenote_active":false,"_monsterinsights_sitenote_note":"","_monsterinsights_sitenote_category":0,"footnotes":""},"class_list":["post-752","page","type-page","status-publish","hentry","entry"],"_links":{"self":[{"href":"https:\/\/hoteleledenpr.com\/en\/wp-json\/wp\/v2\/pages\/752","targetHints":{"allow":["GET"]}}],"collection":[{"href":"https:\/\/hoteleledenpr.com\/en\/wp-json\/wp\/v2\/pages"}],"about":[{"href":"https:\/\/hoteleledenpr.com\/en\/wp-json\/wp\/v2\/types\/page"}],"author":[{"embeddable":true,"href":"https:\/\/hoteleledenpr.com\/en\/wp-json\/wp\/v2\/users\/2"}],"replies":[{"embeddable":true,"href":"https:\/\/hoteleledenpr.com\/en\/wp-json\/wp\/v2\/comments?post=752"}],"version-history":[{"count":88,"href":"https:\/\/hoteleledenpr.com\/en\/wp-json\/wp\/v2\/pages\/752\/revisions"}],"predecessor-version":[{"id":2476,"href":"https:\/\/hoteleledenpr.com\/en\/wp-json\/wp\/v2\/pages\/752\/revisions\/2476"}],"wp:attachment":[{"href":"https:\/\/hoteleledenpr.com\/en\/wp-json\/wp\/v2\/media?parent=752"}],"curies":[{"name":"wp","href":"https:\/\/api.w.org\/{rel}","templated":true}]}}

<div data-elementor-type="wp-page" data-elementor-id="752" class="elementor elementor-752">
				<div class="elementor-element elementor-element-2bc3229 e-con-full e-flex e-con e-parent" data-id="2bc3229" data-element_type="container" data-settings="{&quot;background_background&quot;:&quot;classic&quot;}">
		<div class="elementor-element elementor-element-ab4c5a2 e-flex e-con-boxed e-con e-child" data-id="ab4c5a2" data-element_type="container">
					<div class="e-con-inner">
				<div class="elementor-element elementor-element-bd9cdcb elementor-widget elementor-widget-spacer" data-id="bd9cdcb" data-element_type="widget" data-widget_type="spacer.default">
				<div class="elementor-widget-container">
							<div class="elementor-spacer">
			<div class="elementor-spacer-inner"></div>
		</div>
						</div>
				</div>
				<div class="elementor-element elementor-element-8ae10c8 elementor-widget elementor-widget-heading" data-id="8ae10c8" data-element_type="widget" data-widget_type="heading.default">
				<div class="elementor-widget-container">
					<h2 class="elementor-heading-title elementor-size-default">The Family</h2>				</div>
				</div>
					</div>
				</div>
				</div>
		<div class="elementor-element elementor-element-542dad3 e-flex e-con-boxed e-con e-parent" data-id="542dad3" data-element_type="container">
					<div class="e-con-inner">
				<div class="elementor-element elementor-element-55e7882 elementor-widget elementor-widget-spacer" data-id="55e7882" data-element_type="widget" data-widget_type="spacer.default">
				<div class="elementor-widget-container">
							<div class="elementor-spacer">
			<div class="elementor-spacer-inner"></div>
		</div>
						</div>
				</div>
					</div>
				</div>
		<div class="elementor-element elementor-element-273f734 e-con-full e-flex e-con e-parent" data-id="273f734" data-element_type="container">
		<div class="elementor-element elementor-element-409ae2c e-con-full e-flex e-con e-child" data-id="409ae2c" data-element_type="container">
				<div class="elementor-element elementor-element-646fee0 elementor-widget elementor-widget-image" data-id="646fee0" data-element_type="widget" data-widget_type="image.default">
				<div class="elementor-widget-container">
															<img fetchpriority="high" decoding="async" width="750" height="500" src="https://hoteleledenpr.com/wp-content/uploads/2022/03/El-Eden-24-of-50-1024x683.jpg" class="attachment-large size-large wp-image-1775" alt="" srcset="https://hoteleledenpr.com/wp-content/uploads/2022/03/El-Eden-24-of-50-1024x683.jpg 1024w, https://hoteleledenpr.com/wp-content/uploads/2022/03/El-Eden-24-of-50-300x200.jpg 300w, https://hoteleledenpr.com/wp-content/uploads/2022/03/El-Eden-24-of-50-768x512.jpg 768w, https://hoteleledenpr.com/wp-content/uploads/2022/03/El-Eden-24-of-50-1536x1024.jpg 1536w, https://hoteleledenpr.com/wp-content/uploads/2022/03/El-Eden-24-of-50-2048x1365.jpg 2048w, https://hoteleledenpr.com/wp-content/uploads/2022/03/El-Eden-24-of-50-18x12.jpg 18w, https://hoteleledenpr.com/wp-content/uploads/2022/03/El-Eden-24-of-50-1568x1045.jpg 1568w" sizes="(max-width: 750px) 100vw, 750px" />															</div>
				</div>
				</div>
		<div class="elementor-element elementor-element-b422812 e-con-full e-flex e-con e-child" data-id="b422812" data-element_type="container">
				<div class="elementor-element elementor-element-04ec4fa elementor-widget elementor-widget-text-editor" data-id="04ec4fa" data-element_type="widget" data-widget_type="text-editor.default">
				<div class="elementor-widget-container">
									<p style="font-weight: 400;">Hostelería LA FAMILIA started operations in the Southern zone of Puerto Rico in 2014 with the acquisition of Motel El Edén in Juana Díaz and following after with the motels Nuevo Mejico in Ponce and Las Vegas in Santa Isabel.</p>
<br>
<p style="font-weight: 400;">Visit us and enjoy a unique experience with a relaxed environment and excellent service.</p>								</div>
				</div>
				</div>
				</div>
		<div class="elementor-element elementor-element-d98440d e-con-full e-flex e-con e-parent" data-id="d98440d" data-element_type="container" data-settings="{&quot;background_background&quot;:&quot;gradient&quot;}">
				<div class="elementor-element elementor-element-fbd4bd7 elementor-widget elementor-widget-heading" data-id="fbd4bd7" data-element_type="widget" data-widget_type="heading.default">
				<div class="elementor-widget-container">
					<h2 class="elementor-heading-title elementor-size-default">Customer Service</h2>				</div>
				</div>
				<div class="elementor-element elementor-element-80a6e5e elementor-widget elementor-widget-text-editor" data-id="80a6e5e" data-element_type="widget" data-widget_type="text-editor.default">
				<div class="elementor-widget-container">
									<p>Available from 7am-11pm (Monday-Sunday)</p>								</div>
				</div>
				<div class="elementor-element elementor-element-3477c49 elementor-widget elementor-widget-text-editor" data-id="3477c49" data-element_type="widget" data-widget_type="text-editor.default">
				<div class="elementor-widget-container">
									<p>1 (888) 279-9593</p>								</div>
				</div>
				</div>
				</div>

<p>La Familia Hostelería LA FAMILIA comenzó operaciones en la zona sur de Puerto Rico en el año 2014, con la adquisición del Motel El Edén en Juana Díaz y subsiguientemente<a class="more-link" href="https://hoteleledenpr.com/en/la-familia/">Continue reading <span class="screen-reader-text">«La Familia»</span></a></p>
